ulate the greatest common divisor of 4 and 104.
4
Calculate the highest common factor of 681 and 123.
3
What is the greatest common factor of 12 and 80?
4
Calculate the highest common divisor of 480 and 510.
30
What is the highest common divisor of 152 and 72?
8
Calculate the greatest common factor of 1157 and 712.
89
What is the highest common factor of 185 and 1961?
37
Calculate the highest common divisor of 81 and 120.
3
What is the highest common factor of 126 and 1050?
42
What is the highest common factor of 12992 and 672?
224
Calculate the greatest common factor of 3146 and 26.
26
What is the greatest common factor of 161 and 84?
7
What is the greatest common divisor of 12 and 588?
12
Calculate the highest common divisor of 50 and 475.
25
What is the highest common factor of 11 and 1375?
11
Calculate the greatest common divisor of 300 and 12.
12
Calculate the greatest common factor of 657 and 72.
9
What is the highest common divisor of 781 and 923?
71
Calculate the highest common divisor of 33 and 836.
11
What is the highest common divisor of 48 and 198?
6
What is the greatest common divisor of 713 and 4968?
23
What is the greatest common divisor of 21 and 57?
3
What is the greatest common divisor of 238 and 56?
14
What is the greatest common divisor of 1590 and 5?
5
What is the highest common divisor of 15 and 5?
5
What is the greatest common factor of 270 and 280?
10
What is the greatest common factor of 493 and 34?
17
What is the greatest common factor of 258 and 2494?
86
Calculate the highest common factor of 88 and 66.
22
What is the greatest common divisor of 4 and 22?
2
Calculate the highest common divisor of 16 and 3.
1
What is the highest common factor of 6177 and 87?
87
Calculate the highest common factor of 474 and 15879.
237
What is the greatest common divisor of 1500 and 36?
12
What is the greatest common factor of 1 and 13?
1
What is the greatest common divisor of 30618 and 42?
42
What is the greatest common divisor of 568 and 8?
8
What is the greatest common divisor of 25 and 3175?
25
What is the greatest common factor of 255 and 60180?
255
Calculate the greatest common divisor of 16 and 324.
4
Calculate the greatest common factor of 100 and 330.
10
What is the greatest common factor of 4089 and 29?
29
What is the highest common divisor of 3360 and 4515?
105
Calculate the greatest common divisor of 240 and 192.
48
What is the greatest common factor of 35881 and 53?
53
What is the highest common factor of 465 and 1302?
93
Calculate the greatest common factor of 867 and 221.
17
Calculate the highest common divisor of 665 and 1729.
133
Calculate the highest common divisor of 132 and 418.
22
What is the highest common divisor of 2006 and 826?
118
What is the highest common factor of 3801 and 21?
21
What is the highest common divisor of 8 and 9832?
8
Calculate the highest common divisor of 6 and 162.
6
Calculate the highest common factor of 11 and 33.
11
Calculate the greatest common factor of 594 and 108.
54
Calculate the greatest common divisor of 29 and 145.
29
Calculate the highest common factor of 147 and 539.
49
Calculate the greatest common factor of 4718 and 266.
14
What is the highest common divisor of 170 and 612?
34
What is the greatest common divisor of 372 and 30?
6
What is the greatest common divisor of 455 and 260?
65
Calculate the greatest common factor of 14 and 5894.
14
Calculate the highest common factor of 144 and 99.
9
What is the greatest common factor of 53 and 1696?
53
Calculate the greatest common divisor of 54 and 54.
54
Calculate the highest common divisor of 106 and 53.
53
Calculate the greatest common factor of 9568 and 91.
13
What is the greatest common factor of 34 and 1258?
34
What is the highest common factor of 100 and 4100?
100
What is the highest common factor of 10 and 2870?
10
What is the highest common factor of 565 and 15?
5
What is the greatest common factor of 25 and 8725?
25
What is the greatest common factor of 2 and 166?
2
Calculate the highest common factor of 4137 and 231.
21
What is the greatest common divisor of 210 and 126?
42
Calculate the highest common divisor of 116 and 484.
4
Calculate the greatest common divisor of 9727 and 71.
71
Calculate the highest common divisor of 253 and 92.
23
What is the greatest common divisor of 105 and 3234?
21
What is the greatest common factor of 34 and 40?
2
What is the greatest common divisor of 12 and 138?
6
What is the greatest common factor of 205 and 19270?
205
Calculate the highest common factor of 196 and 952.
28
Calculate the greatest common factor of 85 and 153.
17
What is the greatest common divisor of 1211 and 7?
7
What is the greatest common divisor of 190 and 33155?
95
What is the greatest common divisor of 29 and 87?
29
Calculate the greatest common divisor of 684 and 532.
76
Calculate the greatest common factor of 45 and 2625.
15
What is the highest common factor of 16 and 560?
16
Calculate the highest common divisor of 46 and 2323.
23
Calculate the highest common factor of 574 and 164.
82
What is the greatest common factor of 1456 and 2275?
91
What is the highest common divisor of 441 and 9?
9
Calculate the greatest common factor of 960 and 540.
60
Calculate the highest common divisor of 256 and 80.
16
Calculate the highest common divisor of 14 and 7182.
14
What is the greatest common factor of 120 and 270?
30
Calculate the greatest common factor of 35478 and 27.
27
Calculate the highest common divisor of 900 and 4.
4
What is the greatest common divisor of 1127 and 46?
23
What is the highest common factor of 4420 and 255?
85
Calculate the highest common factor of 3249 and 57.
57
What is the highest common divisor of 92 and 598?
46
Calculate the highest common factor of 66 and 6.
6
Calculate the highest common divisor of 450 and 108.
18
What is the highest common factor of 1215 and 240?
15
What is the highest common divisor of 299 and 23?
23
Calculate the greatest common divisor of 524 and 44.
4
Calculate the highest common factor of 445 and 623.
89
What is the highest common factor of 51 and 187?
17
Calculate the greatest common factor of 32 and 216.
8
What is the highest common factor of 1884 and 12?
12
What is the greatest common factor of 1034 and 94?
94
Calculate the greatest common divisor of 12378 and 6.
6
What is the highest common factor of 11 and 132?
11
Calculate the greatest common divisor of 50 and 70.
10
What is the highest common divisor of 4 and 1476?
4
Calculate the greatest common divisor of 138 and 736.
46
Calculate the highest common divisor of 987 and 8601.
141
What is the greatest common factor of 198 and 72?
18
What is the highest common factor of 177 and 1357?
59
What is the greatest common factor of 44 and 4?
4
Calculate the greatest common divisor of 29358 and 189.
63
Calculate the highest common divisor of 11 and 99.
11
What is the highest common factor of 1696 and 32?
32
What is the greatest common factor of 445 and 267?
89
Calculate the greatest common divisor of 12 and 1392.
12
Calculate the highest common factor of 110 and 40.
10
What is the greatest common divisor of 546 and 21?
21
What is the highest common divisor of 33 and 44?
11
Calculate the greatest common divisor of 600 and 4600.
200
Calculate the highest common factor of 150 and 6.
6
Calculate the highest common divisor of 10573 and 545.
109
Calculate the highest common factor of 95 and 57.
19
Calculate the greatest common divisor of 793 and 13.
13
Calculate the greatest common factor of 104 and 1196.
52
Calculate the highest common divisor of 104 and 1677.
13
Calculate the greatest common divisor of 6 and 66.
6
Calculate the highest common divisor of 616 and 682.
22
What is the greatest common factor of 293 and 1?
1
What is the greatest common divisor of 408 and 744?
24
What is the greatest common divisor of 1350 and 40?
10
What is the highest common divisor of 115 and 3680?
115
Calculate the greatest common divisor of 44 and 22.
22
Calculate the greatest common divisor of 4 and 613.
1
Calculate the highest common divisor of 128 and 2992.
16
What is the highest common factor of 750 and 30?
30
What is the highest common divisor of 36 and 564?
12
Calculate the highest common factor of 490 and 1323.
49
Calculate the highest common fac